 h(f) = 0*f + 2*f + 2*f - 80*f**3 + 4 + f**2. Is h(w) composite?
False
Suppose 6*z = 11*z - 15, -4*l = 4*z - 3223288. Is l composite?
True
Suppose -443967 = 2*x - 5*u - 2439934, 5*u = 4*x - 3991949. Is x a composite number?
False
Let b = -2275 - -3984. Is b composite?
False
Let l = -20317 + 14240. Is -2*(-4)/12*3 - l composite?
False
Let g = 281830 - -318639. Is g a prime number?
True
Let u = -35960 - -71211. Is u composite?
False
Let w(k) be the first derivative of k**2/2 + 7*k + 16. Let b be w(-2). Suppose -4*f + 2*n + 1885 = -n, 2342 = b*f + n. Is f prime?
False
Let d = -343436 + 499237. Is d a prime number?
True
Let i(y) = y**2 - 7*y. Let s be i(8). Let f be (52/6 - 0)/(42/11907). Suppose -5*a + 2*m - f = -s*a, a = 4*m + 833. Is a a composite number?
False
Let j = -863383 - -1343118. Is j a prime number?
False
Let q = 31 + -255. Let h = q + 1453. Suppose -6*n = -1573 - h. Is n a composite number?
False
Suppose -2*q = 4*t - 52620, -2*t = 4*q + q - 26294. Is t prime?
False
Let b(o) = -7 - 6*o**2 + 7*o + 15 - 17 - 28 - o**3. Is b(-10) prime?
True
Suppose -4*o + 20 = 0, -3*o - 5 = 3*k - 23. Let j be (5/(-4))/((-4)/(-48)). Is ((j/45)/(2/(-13854)))/k prime?
True
Let f(l) = l**2 - 10*l - 38. Let y be f(13). Is 0 - -2 - (-140 - 3)*y a composite number?
True
Suppose 0 = -5*q + 4*y + 1062, 2*q - 47 = -5*y + 358. Let f be (4/(-10))/((-7)/q). Suppose 4*k + 0*k = f. Is k prime?
True
Is 2139366/4*(646/114 - 5) a composite number?
False
Let w = 1338738 + -591649. Is w composite?
True
Let y = 29 + -25. Is 673/(((y/1)/(-4))/(-1)) prime?
True
Let y(h) = -13*h - 301. Let m be y(-23). Is m/4 + 157983/42 a prime number?
True
Is -2*(10 + (-11368275)/30) a composite number?
True
Let o(y) = -5*y - 42. Let i be o(-9). Suppose i*p - 5*p = -4*v - 4394, p - 2212 = -3*v. Is p composite?
False
Suppose 99 = -2*c + 1059. Is 177/(-2)*c/(-144) a prime number?
False
Let y(l) = 1080*l + 109. Is y(8) a composite number?
True
Let a be ((-237)/(-2))/(6/(-40)*-5). Let b(q) = -15*q - 5. Let k be b(4). Let v = k + a. Is v a prime number?
False
Let c = -57007 + 99044. Is c a composite number?
True
Suppose -2*r - 29*z + 32*z + 145250 = 0, 2*r = -5*z + 145218. Is r a prime number?
False
Let z = 9538 + 137397. Is z a prime number?
False
Suppose -5*s + 165 = 4*t - 0*t, 5*s - 170 = -5*t. Suppose -78534 - 98917 = -s*h. Is h a prime number?
False
Let w(u) = -3*u - 1. Let y be w(-2). Suppose 4*q - 2739 = -y*p, q + 2186 = 4*p - q. Is p prime?
True
Let k(c) = 5*c**2 - 75*c - 1299. Is k(-35) a composite number?
False
Let p(w) = -73*w**3 + 2*w**2 + 5*w - 6. Let j be p(2). Let y = -315 - j. Is y a composite number?
False
Let m = 35970 - 8864. Is m prime?
False
Let c = 397 - 398. Is 1740 - (4 - 6 - c) a prime number?
True
Suppose 2*c - 2*q = -0*c + 415274, -622905 = -3*c + 4*q. Is c prime?
True
Let o(z) = 11*z - 49. Let s be o(5). Suppose 2*x = 0, 0 = 5*r - s*r - 3*x. Suppose -2*m - 185 = -v, 5*v + 4*m + r*m - 883 = 0. Is v a prime number?
True
Let x(n) = 363*n**2 - 109*n + 811. Is x(26) a composite number?
True
Let f(p) = p**2 + 93*p + 46471. Is f(0) prime?
True
Suppose -p = 5*z - 183, -3*z + 115 = -0*z - 2*p. Let f = z - 48. Let h(d) = d**2 - 2*d - 16. Is h(f) composite?
False
Let p(q) = -q**3 + 28*q**2 + 2. Let x be p(28). Let o be ((-184)/10)/(3 - 796/265). Suppose -7*a + 3*a + o = b, -b = -x*a + 2438. Is a prime?
False
Let p(m) = -1063*m - 1 + 41 - 22. Is p(-5) prime?
True
Let k = 102 + 16. Let d = k - -106. Is 2 + d/6*30/8 prime?
False
Is ((-3128454)/(-28) - (-18)/6)*(-2)/(-3) composite?
False
Suppose -2*i + 4*i - u = 51, 5*i = -3*u + 144. Let g(n) = 15*n**2 - 79*n**3 - i*n**2 - 3 + 10*n**2 - 9*n. Is g(-4) a composite number?
True
Let g(m) = m**2 - m + 168. Let z be g(0). Let q be 2/(-13) + (-1134)/(-273). Suppose -q*b = -1844 + z. Is b prime?
True
Suppose 2*a + 6 = -5*j - 5, 4*j - 4*a - 8 = 0. Is j/(-11) - 42544/(-44) prime?
True
Let o(f) = -f**3 - 14*f**2 + f + 27. Suppose 2*k + 11 = 3*j, 0*j = 5*j - k - 9. Suppose 3*x + 47 = -4*m, -x - 15 = m + j. Is o(x) composite?
False
Let j(u) = -133*u**3 + 2*u**2 - 1. Let o be j(-1). Let k be 5/((-350)/270)*-7. Let a = k + o. Is a composite?
True
Let y be (-4)/(-3)*((-2 - -2) + 3). Suppose -y*j - s + 9599 = -0*s, -5*j + 3*s + 11986 = 0. Suppose -3*d + 6418 = -j. Is d a composite number?
False
Is ((-6)/18)/(30/(-2208474)) - (-3)/(-5) prime?
False
Suppose -2*n + 886590 = 2*q, -14*n + 443283 = -13*n + 4*q. Is n a composite number?
True
Suppose 6429*n = 6450*n - 8539881. Is n composite?
False
Suppose 0 = -74*u - 27*u + 31294951. Is u a prime number?
True
Let r(a) = 28*a**2 - 8*a + 17. Let x = 74 + -65. Suppose -x*k - 49 = 41. Is r(k) a prime number?
True
Suppose 161244 = 5*p - 3*b + 11143, 4*p = -2*b + 120072. Is p composite?
True
Let b be (-1544)/24 - (-2)/(-3). Let y be 4/26 + (-161775)/b. Suppose 4*q + 2*c - 3012 = 0, 5*q - y = c + 1262. Is q a composite number?
False
Is -3 - ((-359)/2 + -2)/(189/28476) a prime number?
False
Is (-409306)/(-58)*(23 + -4) a prime number?
False
Suppose -14*l - 213 = -17*l. Suppose -58267 = -82*h + l*h. Is h composite?
False
Suppose -5*a = -5*q + 4 + 11, -4*q = 2*a. Is 24757 + 3 + 10*1/a prime?
False
Let b(t) = 3428*t + 5. Let p(y) = 6*y**2 - 42*y + 1. Let a be p(7). Is b(a) a composite number?
False
Suppose -10*u = 9*u - 13946. Suppose -2*j + 3*k + u = -2957, 5*k = 3*j - 5536. Is j a prime number?
True
Let f(c) = 142*c**3 - 11*c**2 + 13*c + 23. Let o be f(13). Is 2/7 + o/427 composite?
False
Let y = -124 - -128. Suppose -5*n - 20 = 0, 6*s - 14802 = y*s - 5*n. Is s a prime number?
True
Suppose -28*r + 24*r + 8*h = -56676, 2*h = -5*r + 70857. Is r composite?
True
Suppose 2*q - 2151240 = -5*j, 0 = 3*q + 58*j - 62*j - 3226837. Is q composite?
True
Let o(g) = -3*g**2 - 3*g - 5. Let d(f) = f**2 + 2*f + 3. Let h(p) = 5*d(p) + 2*o(p). Let j be h(4). Suppose -j*r = -0*r - 9925. Is r prime?
False
Let v(a) = 309*a**2 + 51*a + 245. Is v(-24) composite?
True
Let p = -23 - -34. Suppose -3*a = -1 - p. Suppose 2*x - b - 1002 = 0, -3*x = -a*b - 259 - 1254. Is x a composite number?
False
Suppose 92*k - 5996906 - 3718230 = 28*k. Is k prime?
True
Let p(n) = 2*n + 11. Let v be p(-7). Is v - (-71 - 5)*26 a prime number?
True
Suppose 5*s - 10 = -5*x, -27 = -4*x + 5*s + 8. Let y(b) = 188*b**2 + 18*b - 127. Is y(x) prime?
True
Let g(r) = -431*r**3 + 11*r - r - 7*r**2 + 17 + 440*r**3. Is g(6) composite?
True
Let v be 16/10 - (336/(-40))/(-14). Let k = 1 - -1. Is 717/v*1 + k a composite number?
False
Let u be ((-33)/(-66))/((-2)/(-672)). Let b = 665 - u. Is b composite?
True
Let f(k) = -k**2 - 5*k - 2. Let t be f(-2). Suppose t*n = -g + 2150, 11*n - 8*n - 1604 = -5*g. Is n composite?
True
Suppose 2*h + 5830 = 5*d, -21*d = -17*d - h - 4664. Let n = -583 + d. Is n prime?
False
Let h = -601 - -3073. Let f = h - -1055. Is f a prime number?
True
Let p(x) = 339*x**2 + 181. Is p(18) a composite number?
False
Suppose 5*g + 2418 = 7*g. Suppose 2*x - 5079 = 2853. Suppose g - x = -3*n. Is n a prime number?
True
Let p(t) = 6*t**3 - 14*t**3 - 3*t**2 - 46 - 49 + 94 + t. Is p(-3) a composite number?
True
Let i = -4804 + 18226. Suppose -38*p + 32*p + i = 0. Is p a prime number?
True
Let x = 123881 + -63354. Is x a prime number?
True
Let s(l) = -l**3 - 20*l**2 + 21*l - 2. Suppose 0*p + 2*w - 101 = 5*p, p + 13 = 4*w. Let h be s(p). Is (-3826*h/(-6))/(24/(-36)) prime?
True
Let y = -119371 + 175218. Is y prime?
False
Suppose 8*o - 42 = 10*o. Let l = o + 20. Is (5 + l - -391) + -2 a composite number?
True
Suppose -4*j - 70 = -90. Suppose 908 = 2*i - 2*u, -j*u + 5 = 10. Let b = i - -1750. Is b composite?
False
Let k be (6 + -8 + 31)/(2/2). Suppose 45*m - 34384 = k*m. Is m a prime number?
False
Suppose 28*j - 21*j = 28. Suppose 5*h + j*o = 15757, -3*h - 4*o = h - 12608. Is h a composite number?
True
Is 4/(24/9)*(-84712)/(-12) composite?
False
Let v = 138 - 137. Let u(p) = 1422*p**2 + 4*p - 3. Is u(v) prime?
True
Let q(z) = 2*z - 4. Let g be q(-6). Let r be g/8 + (3 - 1) - 134. Let f = r - -249. Is f a prime number?
False
Suppose 419*x - 415*x + 17328 = 0. Let f = -2531 - x. Is f a prime number?
True
Is (-4)/72 - 18200490/(-108) a prime number?
True
Suppose -5*b + 28 + 7 = l, 3*l = 2*b + 88. Let v be 3/(l/4) + (-594)/(-15). Is (237/5)/(8/v) prime?
False
Let n be 5